- (-10)/(-14)) + (-372)/(-21). Suppose -4*o = d - 38. Suppose -t + 27 + 69 = -o*c, -5*t + 534 = 2*c. List the prime factors of t.
2, 53
Let o(x) = 12*x - 35. Let k = 176 - 91. Let g = k + -69. List the prime factors of o(g).
157
Let a = 189 - -190. Suppose 8*x - a = -4*k + 5*x, x + 93 = k. What are the prime factors of k?
2, 47
Suppose 14*q - 14*q = -23*q + 283084. What are the prime factors of q?
2, 17, 181
Let c = -650 - -671. Suppose 0 = -c*g - 7392 + 26754. What are the prime factors of g?
2, 461
List the prime factors of (882/(-490))/(3/(-2985)).
3, 199
Suppose -5*b + 5 = -10. Suppose -2*u = b*u - 40. Suppose -38 = -u*t + 82. What are the prime factors of t?
3, 5
Suppose 22 = 5*p - 0*p + 3*k, k = 3*p - 2. Suppose 0 = -5*r - p*g + 605, -6*g + g = -3*r + 394. Let l = -43 + r. What are the prime factors of l?
2, 5
List the prime factors of ((-88808)/60)/(1/(-5)) - (-215)/(-129).
7, 151
Let h(t) = 926*t + 27. Let o be h(1). Let c = o + -522. List the prime factors of c.
431
Let t(l) = -l**3 + 17*l**2 + 16*l - 1. Let n be t(11). Suppose -3767 = -6*i + n. Suppose 5*q + j = i, -2*q - 114 = -3*j - 415. List the prime factors of q.
5, 31
Let v = 114952 - 81893. List the prime factors of v.
13, 2543
Let t be 263/(-3)*(11 - 8). Let q = t - -522. What are the prime factors of q?
7, 37
Suppose 2 = 2*x - 8. Suppose 15 = -x*b + 260. Let n = b - -19. What are the prime factors of n?
2, 17
Let u(q) = -4*q - 5. Suppose -7*j = 16 - 86. Let s be u(j). List the prime factors of (-10)/(-75) - (1 + 7824/s).
173
Suppose -3*j = -5*o - 17, 0 = -3*j + o + 14 + 23. Suppose -j*d - 14*d + 10780 = 0. What are the prime factors of d?
5, 7, 11
Suppose -5*d - 23479 = 91*o - 94*o, 3*d - 15640 = -2*o. List the prime factors of o.
7823
Suppose -4*s - 3*z = 19, -3*s - 3*z = z + 16. List the prime factors of -2*s/16*(2 + 770).
2, 193
Suppose -110*y + 4748796 = 29*y. List the prime factors of y.
2, 3, 13, 73
Let r(h) = -h**3 + 20*h**2 - 20*h + 20. Let n = -17 + 36. Let w be r(n). List the prime factors of 1*((-2)/(-4))/(w/10).
5
Let x(u) = 3*u**2 + 6*u - 56. Let j be x(6). Let d = j - -454. List the prime factors of d.
2, 271
What are the prime factors of 4*((-9186)/(-24) - 13)?
3, 17, 29
Let v = -47860 - -84375. List the prime factors of v.
5, 67, 109
What are the prime factors of (-1 + (-42)/4)/(17/(-434520)*10)?
2, 3, 23, 71
Suppose -2*k + 32 = 3*u, 0*k - 4*k + 80 = 2*u. Let q be (-18)/(-99) - (-2658)/k. Let n = 222 - q. What are the prime factors of n?
101
Suppose -265*a + 270*a - 1735 = 0. Let y(n) = -n**2 + 7*n - 7. Let q be y(-12). Let o = a + q. What are the prime factors of o?
2, 7
Let v(g) = g**3 + 13*g**2 - 8*g**2 + 13 - 8*g**2 + 3*g. Let j be v(-5). What are the prime factors of -5*(j/4)/((-5)/(-2))?
101
Let l(f) = 68*f**2 - 8*f + 2. Let u(x) = -68*x**2 + 7*x - 1. Let v(j) = -3*l(j) - 4*u(j). Let w be v(-2). Let g = -173 + w. List the prime factors of g.
3, 5, 7
Suppose -5149 = -18*a - 595. List the prime factors of (a - (-8 - -11)) + -8.
2, 11
Suppose 0 = -9*u + 7*u - 12. List the prime factors of ((-2)/u)/((-8)/(-17016)).
709
Suppose -i + 7 = 4. Suppose h = 3*h + 2*u - 282, 4*u = 5*h - 687. Suppose h = -i*j + 346. List the prime factors of j.
3, 23
Let z = -241 + 346. Let r(w) = -w**3 + 14*w**2 - 57*w + 155. Let p be r(6). Let s = p + z. What are the prime factors of s?
2, 103
Suppose -119*b + 264522 = -391903 - 276654. List the prime factors of b.
7841
Let a(v) be the second derivative of 3*v**4/2 + 2*v**3/3 - 43*v**2/2 - 30*v. List the prime factors of a(5).
7, 61
Let p(z) = 6*z**2 - 63*z - 78. What are the prime factors of p(-25)?
3, 11, 53
Let y(i) = 5*i**2 + 21*i + 13. Suppose 0 = 14*c - 9*c + 70. List the prime factors of y(c).
3, 233
Suppose 3*n - 277 = -2*o, 11*o + 443 = 14*o - n. Suppose -3*l + 368 = o. List the prime factors of l.
2, 37
Suppose -382*h = -379*h - 4*k - 17498, 3*h + 2*k - 17504 = 0. What are the prime factors of h?
2, 2917
Suppose -130*s + 573165 + 1638135 = 0. List the prime factors of s.
2, 3, 5, 7
Let k be (1/6)/(35/126)*5. Let r(m) = 545*m - 123. What are the prime factors of r(k)?
2, 3, 7
Suppose 12 = 3*j - 7*j, 4073 = 4*g + 5*j. Suppose 3*d - i = -d + g, 0 = 4*d + i - 1018. What are the prime factors of d?
3, 5, 17
Let x(t) = -322*t - 264. List the prime factors of x(-11).
2, 11, 149
Let a be 1 - (1 - 0)/1. Let j(b) = 11*b**3 + 21*b + 131. Let y(m) = -4*m**3 - 8*m - 43. Let k(i) = 3*j(i) + 8*y(i). List the prime factors of k(a).
7
Let q be 2614/6 + 32/96. Let j be 7 + -5 + -1 + -1. Suppose -4*o + q = -j*o. List the prime factors of o.
109
Suppose -39 = 2*p - 151. List the prime factors of p.
2, 7
Let w = -22905 - -35037. List the prime factors of w.
2, 3, 337
Let j(q) = 74*q**2 + 65*q - 10. Let r be j(10). Suppose -7*l = -22*l + r. What are the prime factors of l?
2, 67
Let b(f) = f**3 + 18*f**2 - 44*f - 95. Let s be b(-20). What are the prime factors of (-2)/s + (-560769)/(-495)?
11, 103
Suppose -3*w - 12 = -w + 5*b, 3*w - 3*b - 24 = 0. Let r(i) = -i. Let j(n) = -8*n - 1. Let h(c) = -j(c) - r(c). List the prime factors of h(w).
37
Let u(p) = 1749*p**3 - p**2 - p + 1. Let m be u(1). Suppose 0 = -4*r + 3*f + m, 0 = -7*r + 2*r - 3*f + 2158. What are the prime factors of r?
2, 7, 31
What are the prime factors of 2932/10262 - 2*74002/(-14)?
2, 3, 881
Suppose o + 10*o = 14850. Let w = -736 + o. List the prime factors of w.
2, 307
Suppose f - 2*f + 4*f = 0. Suppose f = -3*l + h + 13, -3*l - 2*h = 2*h + 7. Suppose 8*j = 6*j - 5*z + 600, 0 = l*j - 2*z - 881. List the prime factors of j.
5, 59
Let k(h) = -h + 0*h - 4*h**2 + h**3 + 34 + 45*h**2 - 13*h**2. What are the prime factors of k(-28)?
2, 31
Let f be (15 - 16)*(-32 + -1). Let s = f + -36. List the prime factors of 26 + (1 - (s + 2)).
2, 7
Let r(l) = 133*l**2 + 24*l + 318. List the prime factors of r(-9).
3, 5, 29
Let b = -40 - -45. Suppose b = 6*c - 7. Suppose c*f = 311 - 99. What are the prime factors of f?
2, 53
Let v(i) = -2*i**3 - 3*i**2 + 1. Let p be v(-2). Let o(q) be the second derivative of q**5/20 - q**4/3 - q**2 + q + 25. List the prime factors of o(p).
23
Suppose 5*f = -2*j + 9943 + 234364, 0 = 4*f - 3*j - 195464. What are the prime factors of f?
131, 373
Let c(m) be the first derivative of m**4/4 + 5*m**3/3 - 7*m**2 + 14. Let n be c(-7). Suppose -13*s + 206 + 1588 = n. List the prime factors of s.
2, 3, 23
Suppose 5*l = 4*b + 43, -b - 2*l = 19 + 8. Let p(c) = -6*c + 7 - 6*c**2 - c**3 + 2*c**2 - 13*c**2. What are the prime factors of p(b)?
109
What are the prime factors of (-20)/((-160)/104) - -26827?
2, 5, 11, 61
List the prime factors of (-5117148)/(-108) + 0 + -11 + 0.
2, 3, 5, 1579
Suppose 0 = 3*b + b + 515400. What are the prime factors of (2/5)/((-60)/b)?
859
Suppose -z + 38 = -s + 6*s, -5*s + 4*z = -23. Suppose k + 2*u = 163, -4*k + 600 = 2*u - s*u. Suppose 10*b = 5*b + k. List the prime factors of b.
31
Suppose -5*f + 9 = -3*k, 4*f + 9*k - 4*k + 15 = 0. Suppose 0*g = -7*g - f*g. List the prime factors of 2/(-2) + (g - -2 - -36).
37
Let l = 125 - 123. Suppose l*f + 4*f = 1446. List the prime factors of f.
241
Suppose -168195 = -5*p + 4*o, 0 = 39*o - 34*o + 25. What are the prime factors of p?
5, 7, 31
Suppose 0 = 5*d - 19627 - 28948. List the prime factors of d.
5, 29, 67
Let u = 443 - 442. Let b(a) = 58*a**2 - a. What are the prime factors of b(u)?
3, 19
Suppose -5*q - 22 = 3, -3*t - 1 = 5*q. Suppose -4985 = -6*w - 1145. Suppose 0 = -4*u + w - t. What are the prime factors of u?
2, 79
Let y = 65067 - 3665. What are the prime factors of y?
2, 11, 2791
Suppose -6*a + 3*a - 78481 = -4*l, a + 39237 = 2*l. List the prime factors of l.
5, 3923
Let i = -48931 + 81199. What are the prime factors of i?
2, 3, 2689
Let k(c) = c**3 - 8*c**2 + 105*c + 144. List the prime factors of k(22).
2, 5, 13, 71
Suppose -3*r = 0, 2*o + r = -4*r - 4. What are the prime factors of (o + (-42)/(-15))/((-9)/(-180))?
2
Let a = -174 - 123. Let l = -72 - a. List the prime factors of l.
3, 5
Let y(l) = 159*l**2 - 53*l - 622. What are the prime factors of y(-11)?
2, 3, 5
Let x = -1804 - -642. Let c = -404 - x. What are the prime factors of c?
2, 379
Suppose 4*c = 7*c + 9*c - 201096. What are the prime factors of c?
2, 3, 7, 19
Suppose -5*i - 2*n = 2*n + 3665, -2*i = 5*n + 1466. Let c = -379 - i. 